{"id":30,"date":"2013-06-12T17:26:15","date_gmt":"2013-06-12T17:26:15","guid":{"rendered":"http:\/\/www.cdlbc.com.br\/portal\/?page_id=30"},"modified":"2026-01-23T15:33:14","modified_gmt":"2026-01-23T17:33:14","slug":"palavra-da-presidente","status":"publish","type":"page","link":"https:\/\/www.cdlbc.com.br\/portal\/cdl\/palavra-da-presidente\/","title":{"rendered":"Palavra da Presidente"},"content":{"rendered":"<div class=\"wpb-content-wrapper\"><p>[vc_row][vc_column][vc_empty_space][\/vc_column][\/vc_row][vc_row][vc_column width=&#8221;1\/4&#8243;][vc_single_image image=&#8221;12774&#8243; css=&#8221;&#8221;][vc_column_text css=&#8221;&#8221;]<\/p>\n<p style=\"text-align: center;\"><em><strong>Jo\u00e3o Tom\u00e1s<\/strong><br \/>\nPresidente CDL Balne\u00e1rio Cambori\u00fa<br \/>\nGest\u00e3o 2026-2027<\/em><\/p>\n<p>[\/vc_column_text][\/vc_column][vc_column width=&#8221;3\/4&#8243;][vc_column_text css=&#8221;&#8221;]O di\u00e1logo sempre foi a base das grandes transforma\u00e7\u00f5es. E \u00e9 justamente por acreditar nisso que inicio esta gest\u00e3o \u00e0 frente da CDL Balne\u00e1rio Cambori\u00fa com um convite: vamos construir juntos.<\/p>\n<p>Em quase quatro d\u00e9cadas atuando no mercado de Balne\u00e1rio Cambori\u00fa, aprendi que nenhuma empresa cresce sozinha. O sucesso dos nossos neg\u00f3cios est\u00e1 diretamente ligado \u00e0 nossa capacidade de nos conectarmos, de ouvirmos uns aos outros e de enfrentarmos desafios de forma colaborativa.<\/p>\n<p>Nossa cidade vive um momento \u00fanico. Temos um mercado vibrante, diversificado e em constante evolu\u00e7\u00e3o. Mas tamb\u00e9m enfrentamos desafios que exigem respostas r\u00e1pidas e assertivas. \u00c9 por isso que esta gest\u00e3o se fundamenta em tr\u00eas pilares essenciais: relacionamento ativo, di\u00e1logo constante e crescimento coletivo.<\/p>\n<p>Mais do que oferecer servi\u00e7os, queremos que a CDL seja uma entidade verdadeiramente presente no dia a dia de cada associado, que compreenda suas necessidades e que caminhe lado a lado na busca por solu\u00e7\u00f5es. Uma CDL que n\u00e3o apenas fale, mas que, sobretudo, escute.<\/p>\n<p>Acreditamos que grandes decis\u00f5es nascem de conversas verdadeiras. Por isso, vamos aproximar empres\u00e1rios, gerar oportunidades reais de networking e fortalecer nossa classe. Queremos que cada encontro, cada a\u00e7\u00e3o e cada projeto da CDL coloque voc\u00ea, associado, no centro da conversa e da constru\u00e7\u00e3o.<\/p>\n<p>Juntos, vamos honrar a hist\u00f3ria de quase cinco d\u00e9cadas da nossa entidade. E \u00e9 colaborando que escreveremos os pr\u00f3ximos cap\u00edtulos dessa trajet\u00f3ria.<br \/>\nEste \u00e9 o nosso convite: vamos dialogar para crescer.<\/p>\n<p>Afinal, os protagonistas dessa hist\u00f3ria s\u00e3o voc\u00eas, empres\u00e1rios e associados da entidade.[\/vc_column_text][\/vc_column][\/vc_row]<\/p>\n<\/div>","protected":false},"excerpt":{"rendered":"<p>[vc_row][vc_column][vc_empty_space][\/vc_column][\/vc_row][vc_row][vc_column width=&#8221;1\/4&#8243;][vc_single_image image=&#8221;12774&#8243; css=&#8221;&#8221;][vc_column_text css=&#8221;&#8221;] Jo\u00e3o Tom\u00e1s Presidente CDL Balne\u00e1rio Cambori\u00fa Gest\u00e3o 2026-2027 [\/vc_column_text][\/vc_column][vc_column width=&#8221;3\/4&#8243;][vc_column_text css=&#8221;&#8221;]O di\u00e1logo sempre foi a base das grandes transforma\u00e7\u00f5es. E \u00e9 justamente por acreditar nisso que inicio esta gest\u00e3o \u00e0 frente da CDL Balne\u00e1rio Cambori\u00fa com um convite: vamos construir juntos. Em quase quatro d\u00e9cadas atuando no mercado de Balne\u00e1rio [&hellip;]<\/p>\n","protected":false},"author":1,"featured_media":0,"parent":6,"menu_order":0,"comment_status":"closed","ping_status":"open","template":"","meta":{"footnotes":""},"class_list":["post-30","page","type-page","status-publish","hentry","no-post-thumbnail"],"_links":{"self":[{"href":"https:\/\/www.cdlbc.com.br\/portal\/wp-json\/wp\/v2\/pages\/30","targetHints":{"allow":["GET"]}}],"collection":[{"href":"https:\/\/www.cdlbc.com.br\/portal\/wp-json\/wp\/v2\/pages"}],"about":[{"href":"https:\/\/www.cdlbc.com.br\/portal\/wp-json\/wp\/v2\/types\/page"}],"author":[{"embeddable":true,"href":"https:\/\/www.cdlbc.com.br\/portal\/wp-json\/wp\/v2\/users\/1"}],"replies":[{"embeddable":true,"href":"https:\/\/www.cdlbc.com.br\/portal\/wp-json\/wp\/v2\/comments?post=30"}],"version-history":[{"count":21,"href":"https:\/\/www.cdlbc.com.br\/portal\/wp-json\/wp\/v2\/pages\/30\/revisions"}],"predecessor-version":[{"id":14320,"href":"https:\/\/www.cdlbc.com.br\/portal\/wp-json\/wp\/v2\/pages\/30\/revisions\/14320"}],"up":[{"embeddable":true,"href":"https:\/\/www.cdlbc.com.br\/portal\/wp-json\/wp\/v2\/pages\/6"}],"wp:attachment":[{"href":"https:\/\/www.cdlbc.com.br\/portal\/wp-json\/wp\/v2\/media?parent=30"}],"curies":[{"name":"wp","href":"https:\/\/api.w.org\/{rel}","templated":true}]}}

<div class="wpb-content-wrapper"><p>[vc_row][vc_column][vc_empty_space][/vc_column][/vc_row][vc_row][vc_column width=&#8221;1/4&#8243;][vc_single_image image=&#8221;12774&#8243; css=&#8221;&#8221;][vc_column_text css=&#8221;&#8221;]</p>
<p style="text-align: center;"><em><strong>João Tomás</strong><br />
Presidente CDL Balneário Camboriú<br />
Gestão 2026-2027</em></p>
<p>[/vc_column_text][/vc_column][vc_column width=&#8221;3/4&#8243;][vc_column_text css=&#8221;&#8221;]O diálogo sempre foi a base das grandes transformações. E é justamente por acreditar nisso que inicio esta gestão à frente da CDL Balneário Camboriú com um convite: vamos construir juntos.</p>
<p>Em quase quatro décadas atuando no mercado de Balneário Camboriú, aprendi que nenhuma empresa cresce sozinha. O sucesso dos nossos negócios está diretamente ligado à nossa capacidade de nos conectarmos, de ouvirmos uns aos outros e de enfrentarmos desafios de forma colaborativa.</p>
<p>Nossa cidade vive um momento único. Temos um mercado vibrante, diversificado e em constante evolução. Mas também enfrentamos desafios que exigem respostas rápidas e assertivas. É por isso que esta gestão se fundamenta em três pilares essenciais: relacionamento ativo, diálogo constante e crescimento coletivo.</p>
<p>Mais do que oferecer serviços, queremos que a CDL seja uma entidade verdadeiramente presente no dia a dia de cada associado, que compreenda suas necessidades e que caminhe lado a lado na busca por soluções. Uma CDL que não apenas fale, mas que, sobretudo, escute.</p>
<p>Acreditamos que grandes decisões nascem de conversas verdadeiras. Por isso, vamos aproximar empresários, gerar oportunidades reais de networking e fortalecer nossa classe. Queremos que cada encontro, cada ação e cada projeto da CDL coloque você, associado, no centro da conversa e da construção.</p>
<p>Juntos, vamos honrar a história de quase cinco décadas da nossa entidade. E é colaborando que escreveremos os próximos capítulos dessa trajetória.<br />
Este é o nosso convite: vamos dialogar para crescer.</p>
<p>Afinal, os protagonistas dessa história são vocês, empresários e associados da entidade.[/vc_column_text][/vc_column][/vc_row]</p>
</div>

<p>[vc_row][vc_column][vc_empty_space][/vc_column][/vc_row][vc_row][vc_column width=&#8221;1/4&#8243;][vc_single_image image=&#8221;12774&#8243; css=&#8221;&#8221;][vc_column_text css=&#8221;&#8221;] João Tomás Presidente CDL Balneário Camboriú Gestão 2026-2027 [/vc_column_text][/vc_column][vc_column width=&#8221;3/4&#8243;][vc_column_text css=&#8221;&#8221;]O diálogo sempre foi a base das grandes transformações. E é justamente por acreditar nisso que inicio esta gestão à frente da CDL Balneário Camboriú com um convite: vamos construir juntos. Em quase quatro décadas atuando no mercado de Balneário [&hellip;]</p>
