{"id":27,"date":"2013-06-12T17:19:18","date_gmt":"2013-06-12T17:19:18","guid":{"rendered":"http:\/\/www.cdlbc.com.br\/portal\/?page_id=27"},"modified":"2024-10-31T17:40:51","modified_gmt":"2024-10-31T19:40:51","slug":"conheca-a-cdl","status":"publish","type":"page","link":"https:\/\/www.cdlbc.com.br\/portal\/cdl\/conheca-a-cdl\/","title":{"rendered":"Conhe\u00e7a a CDL"},"content":{"rendered":"<div class=\"wpb-content-wrapper\"><p>[vc_row][vc_column][vc_empty_space][\/vc_column][\/vc_row][vc_row][vc_column][vc_column_text]<\/p>\n<h2><strong>C\u00c2MARA DE DIRIGENTES LOJISTAS DE BALNE\u00c1RIO CAMBORI\u00da\u00a0<\/strong><\/h2>\n<p>A C\u00e2mara de Dirigentes Lojistas CDL, entidade de classe do com\u00e9rcio local, tem suas diretrizes e atividades voltadas para os assuntos pertinentes ao desenvolvimento e caminhos do com\u00e9rcio lojista de Balne\u00e1rio Cambori\u00fa como um todo, participando ativamente, junto ao poder p\u00fablico, demais segmentos da economia na resolu\u00e7\u00e3o de problemas m\u00fatuos pertinentes ao com\u00e9rcio.<\/p>\n<p><strong>Reuni\u00f5es<\/strong><\/p>\n<p>As reuni\u00f5es da Diretoria s\u00e3o abertas a participa\u00e7\u00e3o dos associados, para que estes tomem conhecimento da atua\u00e7\u00e3o da CDL e Sincom\u00e9rcio, com a respectiva participa\u00e7\u00e3o nas a\u00e7\u00f5es, diretrizes e metas da sua entidade de classe.<\/p>\n<p><strong>Filia\u00e7\u00e3o e Utiliza\u00e7\u00e3o dos Servi\u00e7os da CDL<\/strong><\/p>\n<ul>\n<li>Sociedades Comerciais<\/li>\n<li>Sociedades Civis<\/li>\n<li>Firmas Individuais<\/li>\n<li>Associa\u00e7\u00f5es Profissionais e Sindicais<\/li>\n<li>Profissionais Liberais, Aut\u00f4nomos e Pessoa F\u00edsica (somente para consulta)<\/li>\n<\/ul>\n<p>[\/vc_column_text][vc_column_text]<\/p>\n<h2>NORTEADORES<\/h2>\n<p><b>NOSSA MISS\u00c3O<\/b><span style=\"font-weight: 400;\"> : \u201cREPRESENTAR, integrar e desenvolver as empresas de Balne\u00e1rio Cambori\u00fa e regi\u00e3o pela for\u00e7a institucional, apresentando solu\u00e7\u00f5es \u00fateis e inovadoras que valorizem o relacionamento com o associado e a capacidade de gerar valor e resultados sustent\u00e1veis em nossas a\u00e7\u00f5es\u201d.<\/span><\/p>\n<p><b>NOSSA VIS\u00c3O DE FUTURO : <\/b><span style=\"font-weight: 400;\">Ser percebida em Balne\u00e1rio Cambori\u00fa e regi\u00e3o como uma entidade inovadora, sustent\u00e1vel e din\u00e2mica com forte representatividade, credibilidade e atua\u00e7\u00e3o institucional.<\/span><\/p>\n<p><b>NOSSOS VALORES:<\/b><\/p>\n<ul>\n<li style=\"font-weight: 400;\"><span style=\"font-weight: 400;\"> Comprometimento com o associado e a sociedade<\/span><\/li>\n<li style=\"font-weight: 400;\"><span style=\"font-weight: 400;\">Esp\u00edrito de Coopera\u00e7\u00e3o e Colabora\u00e7\u00e3o<\/span><\/li>\n<li style=\"font-weight: 400;\"><span style=\"font-weight: 400;\">\u00c9tica e respeito<\/span><\/li>\n<li style=\"font-weight: 400;\"><span style=\"font-weight: 400;\">Responsabilidade socioambiental<\/span><\/li>\n<li style=\"font-weight: 400;\"><span style=\"font-weight: 400;\">Inova\u00e7\u00e3o<\/span><\/li>\n<li style=\"font-weight: 400;\"><span style=\"font-weight: 400;\">Transpar\u00eancia<\/span><\/li>\n<\/ul>\n<p>[\/vc_column_text][vc_empty_space][\/vc_column][\/vc_row][vc_row content_placement=&#8221;bottom&#8221;][vc_column width=&#8221;1\/3&#8243;][vc_single_image image=&#8221;14019&#8243; img_size=&#8221;full&#8221; css=&#8221;.vc_custom_1730403425250{margin-bottom: 0px !important;}&#8221;][\/vc_column][vc_column width=&#8221;2\/3&#8243;][vc_column_text css=&#8221;.vc_custom_1730403432496{margin-bottom: 0px !important;}&#8221;]<\/p>\n<div id='gallery-1' class='gallery galleryid-27 gallery-columns-5 gallery-size-thumbnail'><figure class='gallery-item'>\n\t\t\t<div class='gallery-icon landscape'>\n\t\t\t\t<a href='https:\/\/www.cdlbc.com.br\/portal\/wp-content\/uploads\/2024\/10\/2024-cdl-estrutura-01.jpg'><img loading=\"lazy\" decoding=\"async\" width=\"300\" height=\"300\" src=\"https:\/\/www.cdlbc.com.br\/portal\/wp-content\/uploads\/2024\/10\/2024-cdl-estrutura-01-300x300.jpg\" class=\"attachment-thumbnail size-thumbnail\" alt=\"\" srcset=\"https:\/\/www.cdlbc.com.br\/portal\/wp-content\/uploads\/2024\/10\/2024-cdl-estrutura-01-300x300.jpg 300w, https:\/\/www.cdlbc.com.br\/portal\/wp-content\/uploads\/2024\/10\/2024-cdl-estrutura-01-50x50.jpg 50w\" sizes=\"auto, (max-width: 300px) 100vw, 300px\" \/><\/a>\n\t\t\t<\/div><\/figure><figure class='gallery-item'>\n\t\t\t<div class='gallery-icon landscape'>\n\t\t\t\t<a href='https:\/\/www.cdlbc.com.br\/portal\/wp-content\/uploads\/2024\/10\/2024-cdl-estrutura-02.jpg'><img loading=\"lazy\" decoding=\"async\" width=\"300\" height=\"300\" src=\"https:\/\/www.cdlbc.com.br\/portal\/wp-content\/uploads\/2024\/10\/2024-cdl-estrutura-02-300x300.jpg\" class=\"attachment-thumbnail size-thumbnail\" alt=\"\" srcset=\"https:\/\/www.cdlbc.com.br\/portal\/wp-content\/uploads\/2024\/10\/2024-cdl-estrutura-02-300x300.jpg 300w, https:\/\/www.cdlbc.com.br\/portal\/wp-content\/uploads\/2024\/10\/2024-cdl-estrutura-02-50x50.jpg 50w\" sizes=\"auto, (max-width: 300px) 100vw, 300px\" \/><\/a>\n\t\t\t<\/div><\/figure><figure class='gallery-item'>\n\t\t\t<div class='gallery-icon landscape'>\n\t\t\t\t<a href='https:\/\/www.cdlbc.com.br\/portal\/wp-content\/uploads\/2024\/10\/2024-cdl-estrutura-03.jpg'><img loading=\"lazy\" decoding=\"async\" width=\"300\" height=\"300\" src=\"https:\/\/www.cdlbc.com.br\/portal\/wp-content\/uploads\/2024\/10\/2024-cdl-estrutura-03-300x300.jpg\" class=\"attachment-thumbnail size-thumbnail\" alt=\"\" srcset=\"https:\/\/www.cdlbc.com.br\/portal\/wp-content\/uploads\/2024\/10\/2024-cdl-estrutura-03-300x300.jpg 300w, https:\/\/www.cdlbc.com.br\/portal\/wp-content\/uploads\/2024\/10\/2024-cdl-estrutura-03-50x50.jpg 50w\" sizes=\"auto, (max-width: 300px) 100vw, 300px\" \/><\/a>\n\t\t\t<\/div><\/figure><figure class='gallery-item'>\n\t\t\t<div class='gallery-icon landscape'>\n\t\t\t\t<a href='https:\/\/www.cdlbc.com.br\/portal\/wp-content\/uploads\/2024\/10\/2024-cdl-estrutura-04.jpg'><img loading=\"lazy\" decoding=\"async\" width=\"300\" height=\"300\" src=\"https:\/\/www.cdlbc.com.br\/portal\/wp-content\/uploads\/2024\/10\/2024-cdl-estrutura-04-300x300.jpg\" class=\"attachment-thumbnail size-thumbnail\" alt=\"\" srcset=\"https:\/\/www.cdlbc.com.br\/portal\/wp-content\/uploads\/2024\/10\/2024-cdl-estrutura-04-300x300.jpg 300w, https:\/\/www.cdlbc.com.br\/portal\/wp-content\/uploads\/2024\/10\/2024-cdl-estrutura-04-50x50.jpg 50w\" sizes=\"auto, (max-width: 300px) 100vw, 300px\" \/><\/a>\n\t\t\t<\/div><\/figure><figure class='gallery-item'>\n\t\t\t<div class='gallery-icon landscape'>\n\t\t\t\t<a href='https:\/\/www.cdlbc.com.br\/portal\/wp-content\/uploads\/2024\/10\/2024-cdl-estrutura-05.jpg'><img loading=\"lazy\" decoding=\"async\" width=\"300\" height=\"300\" src=\"https:\/\/www.cdlbc.com.br\/portal\/wp-content\/uploads\/2024\/10\/2024-cdl-estrutura-05-300x300.jpg\" class=\"attachment-thumbnail size-thumbnail\" alt=\"\" srcset=\"https:\/\/www.cdlbc.com.br\/portal\/wp-content\/uploads\/2024\/10\/2024-cdl-estrutura-05-300x300.jpg 300w, https:\/\/www.cdlbc.com.br\/portal\/wp-content\/uploads\/2024\/10\/2024-cdl-estrutura-05-50x50.jpg 50w\" sizes=\"auto, (max-width: 300px) 100vw, 300px\" \/><\/a>\n\t\t\t<\/div><\/figure><figure class='gallery-item'>\n\t\t\t<div class='gallery-icon landscape'>\n\t\t\t\t<a href='https:\/\/www.cdlbc.com.br\/portal\/wp-content\/uploads\/2024\/10\/2024-cdl-estrutura-06.jpg'><img loading=\"lazy\" decoding=\"async\" width=\"300\" height=\"300\" src=\"https:\/\/www.cdlbc.com.br\/portal\/wp-content\/uploads\/2024\/10\/2024-cdl-estrutura-06-300x300.jpg\" class=\"attachment-thumbnail size-thumbnail\" alt=\"\" srcset=\"https:\/\/www.cdlbc.com.br\/portal\/wp-content\/uploads\/2024\/10\/2024-cdl-estrutura-06-300x300.jpg 300w, https:\/\/www.cdlbc.com.br\/portal\/wp-content\/uploads\/2024\/10\/2024-cdl-estrutura-06-50x50.jpg 50w\" sizes=\"auto, (max-width: 300px) 100vw, 300px\" \/><\/a>\n\t\t\t<\/div><\/figure><figure class='gallery-item'>\n\t\t\t<div class='gallery-icon landscape'>\n\t\t\t\t<a href='https:\/\/www.cdlbc.com.br\/portal\/wp-content\/uploads\/2024\/10\/2024-cdl-estrutura-07.jpg'><img loading=\"lazy\" decoding=\"async\" width=\"300\" height=\"300\" src=\"https:\/\/www.cdlbc.com.br\/portal\/wp-content\/uploads\/2024\/10\/2024-cdl-estrutura-07-300x300.jpg\" class=\"attachment-thumbnail size-thumbnail\" alt=\"\" srcset=\"https:\/\/www.cdlbc.com.br\/portal\/wp-content\/uploads\/2024\/10\/2024-cdl-estrutura-07-300x300.jpg 300w, https:\/\/www.cdlbc.com.br\/portal\/wp-content\/uploads\/2024\/10\/2024-cdl-estrutura-07-50x50.jpg 50w\" sizes=\"auto, (max-width: 300px) 100vw, 300px\" \/><\/a>\n\t\t\t<\/div><\/figure><figure class='gallery-item'>\n\t\t\t<div class='gallery-icon landscape'>\n\t\t\t\t<a href='https:\/\/www.cdlbc.com.br\/portal\/wp-content\/uploads\/2024\/10\/2024-cdl-estrutura-08.jpg'><img loading=\"lazy\" decoding=\"async\" width=\"300\" height=\"300\" src=\"https:\/\/www.cdlbc.com.br\/portal\/wp-content\/uploads\/2024\/10\/2024-cdl-estrutura-08-300x300.jpg\" class=\"attachment-thumbnail size-thumbnail\" alt=\"\" srcset=\"https:\/\/www.cdlbc.com.br\/portal\/wp-content\/uploads\/2024\/10\/2024-cdl-estrutura-08-300x300.jpg 300w, https:\/\/www.cdlbc.com.br\/portal\/wp-content\/uploads\/2024\/10\/2024-cdl-estrutura-08-50x50.jpg 50w\" sizes=\"auto, (max-width: 300px) 100vw, 300px\" \/><\/a>\n\t\t\t<\/div><\/figure><figure class='gallery-item'>\n\t\t\t<div class='gallery-icon landscape'>\n\t\t\t\t<a href='https:\/\/www.cdlbc.com.br\/portal\/wp-content\/uploads\/2024\/10\/2024-cdl-estrutura-09.jpg'><img loading=\"lazy\" decoding=\"async\" width=\"300\" height=\"300\" src=\"https:\/\/www.cdlbc.com.br\/portal\/wp-content\/uploads\/2024\/10\/2024-cdl-estrutura-09-300x300.jpg\" class=\"attachment-thumbnail size-thumbnail\" alt=\"\" srcset=\"https:\/\/www.cdlbc.com.br\/portal\/wp-content\/uploads\/2024\/10\/2024-cdl-estrutura-09-300x300.jpg 300w, https:\/\/www.cdlbc.com.br\/portal\/wp-content\/uploads\/2024\/10\/2024-cdl-estrutura-09-50x50.jpg 50w\" sizes=\"auto, (max-width: 300px) 100vw, 300px\" \/><\/a>\n\t\t\t<\/div><\/figure><figure class='gallery-item'>\n\t\t\t<div class='gallery-icon landscape'>\n\t\t\t\t<a href='https:\/\/www.cdlbc.com.br\/portal\/wp-content\/uploads\/2024\/10\/2024-cdl-estrutura-10.jpg'><img loading=\"lazy\" decoding=\"async\" width=\"300\" height=\"300\" src=\"https:\/\/www.cdlbc.com.br\/portal\/wp-content\/uploads\/2024\/10\/2024-cdl-estrutura-10-300x300.jpg\" class=\"attachment-thumbnail size-thumbnail\" alt=\"\" srcset=\"https:\/\/www.cdlbc.com.br\/portal\/wp-content\/uploads\/2024\/10\/2024-cdl-estrutura-10-300x300.jpg 300w, https:\/\/www.cdlbc.com.br\/portal\/wp-content\/uploads\/2024\/10\/2024-cdl-estrutura-10-50x50.jpg 50w\" sizes=\"auto, (max-width: 300px) 100vw, 300px\" \/><\/a>\n\t\t\t<\/div><\/figure><figure class='gallery-item'>\n\t\t\t<div class='gallery-icon landscape'>\n\t\t\t\t<a href='https:\/\/www.cdlbc.com.br\/portal\/wp-content\/uploads\/2024\/10\/2024-cdl-estrutura-11.jpg'><img loading=\"lazy\" decoding=\"async\" width=\"300\" height=\"300\" src=\"https:\/\/www.cdlbc.com.br\/portal\/wp-content\/uploads\/2024\/10\/2024-cdl-estrutura-11-300x300.jpg\" class=\"attachment-thumbnail size-thumbnail\" alt=\"\" srcset=\"https:\/\/www.cdlbc.com.br\/portal\/wp-content\/uploads\/2024\/10\/2024-cdl-estrutura-11-300x300.jpg 300w, https:\/\/www.cdlbc.com.br\/portal\/wp-content\/uploads\/2024\/10\/2024-cdl-estrutura-11-50x50.jpg 50w\" sizes=\"auto, (max-width: 300px) 100vw, 300px\" \/><\/a>\n\t\t\t<\/div><\/figure><figure class='gallery-item'>\n\t\t\t<div class='gallery-icon landscape'>\n\t\t\t\t<a href='https:\/\/www.cdlbc.com.br\/portal\/wp-content\/uploads\/2024\/10\/2024-cdl-estrutura-12.jpg'><img loading=\"lazy\" decoding=\"async\" width=\"300\" height=\"300\" src=\"https:\/\/www.cdlbc.com.br\/portal\/wp-content\/uploads\/2024\/10\/2024-cdl-estrutura-12-300x300.jpg\" class=\"attachment-thumbnail size-thumbnail\" alt=\"\" srcset=\"https:\/\/www.cdlbc.com.br\/portal\/wp-content\/uploads\/2024\/10\/2024-cdl-estrutura-12-300x300.jpg 300w, https:\/\/www.cdlbc.com.br\/portal\/wp-content\/uploads\/2024\/10\/2024-cdl-estrutura-12-50x50.jpg 50w\" sizes=\"auto, (max-width: 300px) 100vw, 300px\" \/><\/a>\n\t\t\t<\/div><\/figure><figure class='gallery-item'>\n\t\t\t<div class='gallery-icon landscape'>\n\t\t\t\t<a href='https:\/\/www.cdlbc.com.br\/portal\/wp-content\/uploads\/2024\/10\/2024-cdl-estrutura-13.jpg'><img loading=\"lazy\" decoding=\"async\" width=\"300\" height=\"300\" src=\"https:\/\/www.cdlbc.com.br\/portal\/wp-content\/uploads\/2024\/10\/2024-cdl-estrutura-13-300x300.jpg\" class=\"attachment-thumbnail size-thumbnail\" alt=\"\" srcset=\"https:\/\/www.cdlbc.com.br\/portal\/wp-content\/uploads\/2024\/10\/2024-cdl-estrutura-13-300x300.jpg 300w, https:\/\/www.cdlbc.com.br\/portal\/wp-content\/uploads\/2024\/10\/2024-cdl-estrutura-13-50x50.jpg 50w\" sizes=\"auto, (max-width: 300px) 100vw, 300px\" \/><\/a>\n\t\t\t<\/div><\/figure><figure class='gallery-item'>\n\t\t\t<div class='gallery-icon landscape'>\n\t\t\t\t<a href='https:\/\/www.cdlbc.com.br\/portal\/wp-content\/uploads\/2024\/10\/2024-cdl-estrutura-14.jpg'><img loading=\"lazy\" decoding=\"async\" width=\"300\" height=\"300\" src=\"https:\/\/www.cdlbc.com.br\/portal\/wp-content\/uploads\/2024\/10\/2024-cdl-estrutura-14-300x300.jpg\" class=\"attachment-thumbnail size-thumbnail\" alt=\"\" srcset=\"https:\/\/www.cdlbc.com.br\/portal\/wp-content\/uploads\/2024\/10\/2024-cdl-estrutura-14-300x300.jpg 300w, https:\/\/www.cdlbc.com.br\/portal\/wp-content\/uploads\/2024\/10\/2024-cdl-estrutura-14-50x50.jpg 50w\" sizes=\"auto, (max-width: 300px) 100vw, 300px\" \/><\/a>\n\t\t\t<\/div><\/figure><figure class='gallery-item'>\n\t\t\t<div class='gallery-icon landscape'>\n\t\t\t\t<a href='https:\/\/www.cdlbc.com.br\/portal\/wp-content\/uploads\/2024\/10\/2024-cdl-estrutura-15.jpg'><img loading=\"lazy\" decoding=\"async\" width=\"300\" height=\"300\" src=\"https:\/\/www.cdlbc.com.br\/portal\/wp-content\/uploads\/2024\/10\/2024-cdl-estrutura-15-300x300.jpg\" class=\"attachment-thumbnail size-thumbnail\" alt=\"\" srcset=\"https:\/\/www.cdlbc.com.br\/portal\/wp-content\/uploads\/2024\/10\/2024-cdl-estrutura-15-300x300.jpg 300w, https:\/\/www.cdlbc.com.br\/portal\/wp-content\/uploads\/2024\/10\/2024-cdl-estrutura-15-50x50.jpg 50w\" sizes=\"auto, (max-width: 300px) 100vw, 300px\" \/><\/a>\n\t\t\t<\/div><\/figure>\n\t\t<\/div>\n\n<p>[\/vc_column_text][\/vc_column][\/vc_row]<\/p>\n<\/div>","protected":false},"excerpt":{"rendered":"<p>[vc_row][vc_column][vc_empty_space][\/vc_column][\/vc_row][vc_row][vc_column][vc_column_text] C\u00c2MARA DE DIRIGENTES LOJISTAS DE BALNE\u00c1RIO CAMBORI\u00da\u00a0 A C\u00e2mara de Dirigentes Lojistas CDL, entidade de classe do com\u00e9rcio local, tem suas diretrizes e atividades voltadas para os assuntos pertinentes ao desenvolvimento e caminhos do com\u00e9rcio lojista de Balne\u00e1rio Cambori\u00fa como um todo, participando ativamente, junto ao poder p\u00fablico, demais segmentos da economia na resolu\u00e7\u00e3o [&hellip;]<\/p>\n","protected":false},"author":1,"featured_media":0,"parent":6,"menu_order":0,"comment_status":"open","ping_status":"open","template":"","meta":{"footnotes":""},"class_list":["post-27","page","type-page","status-publish","hentry","no-post-thumbnail"],"_links":{"self":[{"href":"https:\/\/www.cdlbc.com.br\/portal\/wp-json\/wp\/v2\/pages\/27","targetHints":{"allow":["GET"]}}],"collection":[{"href":"https:\/\/www.cdlbc.com.br\/portal\/wp-json\/wp\/v2\/pages"}],"about":[{"href":"https:\/\/www.cdlbc.com.br\/portal\/wp-json\/wp\/v2\/types\/page"}],"author":[{"embeddable":true,"href":"https:\/\/www.cdlbc.com.br\/portal\/wp-json\/wp\/v2\/users\/1"}],"replies":[{"embeddable":true,"href":"https:\/\/www.cdlbc.com.br\/portal\/wp-json\/wp\/v2\/comments?post=27"}],"version-history":[{"count":24,"href":"https:\/\/www.cdlbc.com.br\/portal\/wp-json\/wp\/v2\/pages\/27\/revisions"}],"predecessor-version":[{"id":14028,"href":"https:\/\/www.cdlbc.com.br\/portal\/wp-json\/wp\/v2\/pages\/27\/revisions\/14028"}],"up":[{"embeddable":true,"href":"https:\/\/www.cdlbc.com.br\/portal\/wp-json\/wp\/v2\/pages\/6"}],"wp:attachment":[{"href":"https:\/\/www.cdlbc.com.br\/portal\/wp-json\/wp\/v2\/media?parent=27"}],"curies":[{"name":"wp","href":"https:\/\/api.w.org\/{rel}","templated":true}]}}