{"id":13,"date":"2013-05-10T22:36:17","date_gmt":"2013-05-10T22:36:17","guid":{"rendered":"http:\/\/www.cdlbc.com.br\/portal\/?page_id=13"},"modified":"2025-07-22T18:20:14","modified_gmt":"2025-07-22T20:20:14","slug":"contato","status":"publish","type":"page","link":"https:\/\/www.cdlbc.com.br\/portal\/contato\/","title":{"rendered":"Contato"},"content":{"rendered":"<p><span style=\"color: #003366;\"><strong>Comercial<\/strong><\/span><\/p>\n<p>Gelson Argenta: comercial@cdl-bc.com.br<br \/>\nGustavo Venturim: consultor@cdl-bc.com.br<\/p>\n<p>&nbsp;<\/p>\n<p><span style=\"color: #003366;\"><strong>Eventos<\/strong><\/span><\/p>\n<p>eventos@cdl-bc.com.br<\/p>\n<p>&nbsp;<\/p>\n<p><span style=\"color: #003366;\"><strong>Cursos &amp;\u00a0Treinamentos<\/strong><\/span><\/p>\n<p>cursos@cdl-bc.com.br<\/p>\n<p>&nbsp;<\/p>\n<p><span style=\"color: #003366;\"><strong>Comunica\u00e7\u00e3o &amp;\u00a0Marketing<\/strong><\/span><\/p>\n<p>comunicacao@cdl-bc.com.br<\/p>\n<p>&nbsp;<\/p>\n<p><span style=\"color: #003366;\"><strong>Financeiro\u00a0<\/strong><\/span>&#8211;\u00a0Respons\u00e1vel: <b>Luana Dalmas<\/b><\/p>\n<p>financeiro@cdl-bc.com.br<\/p>\n<p>&nbsp;<\/p>\n<p><span style=\"color: #003366;\"><strong>Suporte SPC<\/strong><\/span><\/p>\n<p>atendimento@cdl-bc.com.br<\/p>\n<p>&nbsp;<\/p>\n<p><span style=\"color: #003366;\"><strong>Executivo<\/strong><\/span>\u00a0&#8211; <strong>Pa\u00f4la Campagnolo<\/strong><\/p>\n<p>executivo@bc.cdl-sc.org.br<\/p>\n<p>&nbsp;<\/p>\n<p style=\"text-align: center;\"><span style=\"color: #808080;\">_____________________________________________________________________________________________________________<\/span><\/p>\n<p>&nbsp;<\/p>\n<p><span style=\"color: #003366;\"><strong>D\u00favidas, Sugest\u00f5es ou Reclama\u00e7\u00f5es<\/strong><\/span><\/p>\n<p>ouvidoria@cdl-bc.com.br<\/p>\n<p>&nbsp;<\/p>\n<p><strong>CDL &#8211; C\u00e2mara de Dirigentes Lojistas de Balne\u00e1rio Cambori\u00fa<br \/>\n<\/strong>Rua 902, n\u00ba. 530 &#8211; Centro &#8211; 88330-956 &#8211; Balne\u00e1rio Cambori\u00fa &#8211; SC<br \/>\nFone: (47) 3261-3300 &#8211;\u00a0cdl@cdl-bc.com.br<\/p>\n<p><a style=\"float: left;\" href=\"https:\/\/www.facebook.com\/cdlbalncamboriu\" target=\"_blank\" rel=\"noopener noreferrer\"> <img decoding=\"async\" src=\"http:\/\/www.cdlbc.com.br\/portal\/wp-content\/uploads\/2015\/11\/icone_facebook-2.png\" alt=\"\" \/> <\/a><\/p>\n<p><a style=\"float: left;\" href=\"https:\/\/instagram.com\/cdl.bc\/\" target=\"_blank\" rel=\"noopener noreferrer\"> <img decoding=\"async\" src=\"http:\/\/www.cdlbc.com.br\/portal\/wp-content\/uploads\/2015\/11\/icone_instagram-2.png\" alt=\"\" \/><\/a><\/p>\n<p>&nbsp;<\/p>\n<p>&nbsp;<\/p>\n<p><iframe loading=\"lazy\" style=\"border: 0;\" src=\"https:\/\/www.google.com\/maps\/embed?pb=!1m24!1m12!1m3!1d3555.2300480230565!2d-48.63913625529484!3d-26.991271686051903!2m3!1f0!2f0!3f0!3m2!1i1024!2i768!4f13.1!4m9!1i0!3e6!4m0!4m5!1s0x94d8b5fd78da2f15%3A0x4d6db76b13cb8a31!2sRua+902%2C+522-672+-+Centro%2C+SC!3m2!1d-26.9919454!2d-48.638757399999996!5e0!3m2!1sen!2sbr!4v1398261000547\" width=\"100%\" height=\"400\" frameborder=\"0\"><\/iframe><\/p>\n","protected":false},"excerpt":{"rendered":"<p>Comercial Gelson Argenta: comercial@cdl-bc.com.br Gustavo Venturim: consultor@cdl-bc.com.br &nbsp; Eventos eventos@cdl-bc.com.br &nbsp; Cursos &amp;\u00a0Treinamentos cursos@cdl-bc.com.br &nbsp; Comunica\u00e7\u00e3o &amp;\u00a0Marketing comunicacao@cdl-bc.com.br &nbsp; Financeiro\u00a0&#8211;\u00a0Respons\u00e1vel: Luana Dalmas financeiro@cdl-bc.com.br &nbsp; Suporte SPC atendimento@cdl-bc.com.br &nbsp; Executivo\u00a0&#8211; Pa\u00f4la Campagnolo executivo@bc.cdl-sc.org.br &nbsp; _____________________________________________________________________________________________________________ &nbsp; D\u00favidas, Sugest\u00f5es ou Reclama\u00e7\u00f5es ouvidoria@cdl-bc.com.br &nbsp; CDL &#8211; C\u00e2mara de Dirigentes Lojistas de Balne\u00e1rio Cambori\u00fa Rua 902, n\u00ba. 530 &#8211; [&hellip;]<\/p>\n","protected":false},"author":1,"featured_media":0,"parent":0,"menu_order":0,"comment_status":"closed","ping_status":"open","template":"","meta":{"footnotes":""},"class_list":["post-13","page","type-page","status-publish","hentry","no-post-thumbnail"],"_links":{"self":[{"href":"https:\/\/www.cdlbc.com.br\/portal\/wp-json\/wp\/v2\/pages\/13","targetHints":{"allow":["GET"]}}],"collection":[{"href":"https:\/\/www.cdlbc.com.br\/portal\/wp-json\/wp\/v2\/pages"}],"about":[{"href":"https:\/\/www.cdlbc.com.br\/portal\/wp-json\/wp\/v2\/types\/page"}],"author":[{"embeddable":true,"href":"https:\/\/www.cdlbc.com.br\/portal\/wp-json\/wp\/v2\/users\/1"}],"replies":[{"embeddable":true,"href":"https:\/\/www.cdlbc.com.br\/portal\/wp-json\/wp\/v2\/comments?post=13"}],"version-history":[{"count":62,"href":"https:\/\/www.cdlbc.com.br\/portal\/wp-json\/wp\/v2\/pages\/13\/revisions"}],"predecessor-version":[{"id":14206,"href":"https:\/\/www.cdlbc.com.br\/portal\/wp-json\/wp\/v2\/pages\/13\/revisions\/14206"}],"wp:attachment":[{"href":"https:\/\/www.cdlbc.com.br\/portal\/wp-json\/wp\/v2\/media?parent=13"}],"curies":[{"name":"wp","href":"https:\/\/api.w.org\/{rel}","templated":true}]}}