{"id":10761,"date":"2019-05-27T14:10:21","date_gmt":"2019-05-27T16:10:21","guid":{"rendered":"http:\/\/www.cdlbc.com.br\/portal\/?page_id=10761"},"modified":"2019-05-27T16:42:07","modified_gmt":"2019-05-27T18:42:07","slug":"cdl-jovem","status":"publish","type":"page","link":"https:\/\/www.cdlbc.com.br\/portal\/cdl-jovem\/","title":{"rendered":"CDL Jovem"},"content":{"rendered":"<div class=\"wpb-content-wrapper\"><p>[vc_row css=&#8221;.vc_custom_1558973509283{padding-top: 30px !important;}&#8221;][vc_column][vc_column_text]<\/p>\n<h2>CDL Jovem<\/h2>\n<p>A CDL Jovem existe para proporcionar \u00e0s CDLs um espa\u00e7o onde possam desenvolver jovens empres\u00e1rios lojistas, com esp\u00edrito de lideran\u00e7a e empreendedorismo, para a vida profissional e para seguirem carreira nas entidades. Como \u00f3rg\u00e3o complementar, promove f\u00f3rum de discuss\u00f5es, integrando ideias, conceitos e experi\u00eancias a partir de reuni\u00f5es regulares, palestras, semin\u00e1rios e eventos.<\/p>\n<p>Com a CDL Jovem, a C\u00e2mara de Dirigentes Lojistas fica ainda mais forte \u00a0e preparada para os desafios que o futuro lhe reserva.<\/p>\n<p>Para participar o jovem deve trabalhar ou ser propriet\u00e1rio de uma empresa associada \u00e0 CDL. Mais informa\u00e7\u00f5es pelo telefone 3261-3300.[\/vc_column_text][\/vc_column][\/vc_row][vc_row css=&#8221;.vc_custom_1558973518244{padding-top: 30px !important;}&#8221;][vc_column][vc_video link=&#8221;https:\/\/youtu.be\/vC2KkGl9Ykk&#8221; el_aspect=&#8221;235&#8243; align=&#8221;center&#8221;][\/vc_column][\/vc_row]<\/p>\n<\/div>","protected":false},"excerpt":{"rendered":"<p>[vc_row css=&#8221;.vc_custom_1558973509283{padding-top: 30px !important;}&#8221;][vc_column][vc_column_text] CDL Jovem A CDL Jovem existe para proporcionar \u00e0s CDLs um espa\u00e7o onde possam desenvolver jovens empres\u00e1rios lojistas, com esp\u00edrito de lideran\u00e7a e empreendedorismo, para a vida profissional e para seguirem carreira nas entidades. Como \u00f3rg\u00e3o complementar, promove f\u00f3rum de discuss\u00f5es, integrando ideias, conceitos e experi\u00eancias a partir de reuni\u00f5es regulares, [&hellip;]<\/p>\n","protected":false},"author":1,"featured_media":0,"parent":0,"menu_order":0,"comment_status":"closed","ping_status":"closed","template":"","meta":{"footnotes":""},"class_list":["post-10761","page","type-page","status-publish","hentry","no-post-thumbnail"],"_links":{"self":[{"href":"https:\/\/www.cdlbc.com.br\/portal\/wp-json\/wp\/v2\/pages\/10761","targetHints":{"allow":["GET"]}}],"collection":[{"href":"https:\/\/www.cdlbc.com.br\/portal\/wp-json\/wp\/v2\/pages"}],"about":[{"href":"https:\/\/www.cdlbc.com.br\/portal\/wp-json\/wp\/v2\/types\/page"}],"author":[{"embeddable":true,"href":"https:\/\/www.cdlbc.com.br\/portal\/wp-json\/wp\/v2\/users\/1"}],"replies":[{"embeddable":true,"href":"https:\/\/www.cdlbc.com.br\/portal\/wp-json\/wp\/v2\/comments?post=10761"}],"version-history":[{"count":7,"href":"https:\/\/www.cdlbc.com.br\/portal\/wp-json\/wp\/v2\/pages\/10761\/revisions"}],"predecessor-version":[{"id":10769,"href":"https:\/\/www.cdlbc.com.br\/portal\/wp-json\/wp\/v2\/pages\/10761\/revisions\/10769"}],"wp:attachment":[{"href":"https:\/\/www.cdlbc.com.br\/portal\/wp-json\/wp\/v2\/media?parent=10761"}],"curies":[{"name":"wp","href":"https:\/\/api.w.org\/{rel}","templated":true}]}}